{"id":8,"date":"2026-04-19T11:00:06","date_gmt":"2026-04-19T09:00:06","guid":{"rendered":"https:\/\/new.hofmann-hidde.de\/?page_id=8"},"modified":"2026-04-20T14:40:39","modified_gmt":"2026-04-20T12:40:39","slug":"meine-veroeffentlichungen","status":"publish","type":"page","link":"https:\/\/www.hofmann-hidde.de\/?page_id=8","title":{"rendered":"Meine Ver\u00f6ffentlichungen"},"content":{"rendered":"\n<p>Schon w\u00e4hrend meinem Studium der Politikwissenschaften habe ich geschrieben. Mein erstes Buch war &#8222;StudiRanking &#8211; Die seltsame Geschichte vom ersten Semster&#8220;, das ich im Selfpublishing herausgegeben habe. Es folgten Tier-Rate-Geschichten und Geschichten rund um das Kamel Kiliposa und immer mal wieder Gedichte.<\/p>\n\n\n\n<p>Politische Bildung von Kindern und Jugendlichen hatte zu dieser Zeit bereits eine gro\u00dfe Bedeutung f\u00fcr mich &#8211; aber ich stand noch am Beginn meines Studiums. Mein Geld verdiente ich dieser Zeit mittels Webdesign und was ich mal beruflich machen w\u00fcrde &#8211; keine Ahnung.<\/p>\n\n\n\n<p>Nach dem Studium ging ich in die politische Kommunikation und arbeitete im Bereich der Erneuerbaren Energien. Eine tolle Zeit, die von meiner MS-Erkrankung in den Jahren nach 2012 ziemlich unsanft ausgebremst wurde.<\/p>\n\n\n\n<p>Erst Ende 2022 beschloss ich, aus meiner \u00dcberzeugung f\u00fcr politische Bildung f\u00fcr sehr junge Menschen und meiner Leidenschaft f\u00fcr das Schreiben, einen Beruf zu machen und mich mit dem Kinderbuchverlag Kiliposa selbst\u00e4ndig zu machen. Mehr zu meinem Verlag findet ihr <a href=\"https:\/\/new.hofmann-hidde.de\/?page_id=11\" data-type=\"page\" data-id=\"11\">hier<\/a>.<\/p>\n\n\n\n<p>&#8222;StudiRanking&#8220; ist \u00fcbrigens schon seit ein paar Jahren nicht mehr erh\u00e4ltlich und auch die Geschichtensammlung &#8222;Kiliposa und ihre Abenteuer&#8220; ist nur noch Second Hand zu bekommen. Aber ohne Schreiben und B\u00fccher bin ich quasi nicht \u00fcberlebensf\u00e4hig. Eine \u00dcbersicht \u00fcber meine B\u00fccher findet ihr hier auf meiner Website.<\/p>\n","protected":false},"excerpt":{"rendered":"<p>Schon w\u00e4hrend meinem Studium der Politikwissenschaften habe ich geschrieben. Mein erstes Buch war &#8222;StudiRanking &#8211; Die seltsame Geschichte vom ersten Semster&#8220;, das ich im Selfpublishing herausgegeben habe. Es folgten Tier-Rate-Geschichten und Geschichten rund um das Kamel Kiliposa und immer mal wieder Gedichte. Politische Bildung von Kindern und Jugendlichen hatte zu dieser Zeit bereits eine gro\u00dfe [&hellip;]<\/p>\n","protected":false},"author":1,"featured_media":0,"parent":0,"menu_order":0,"comment_status":"closed","ping_status":"closed","template":"","meta":{"footnotes":""},"class_list":["post-8","page","type-page","status-publish","hentry"],"_links":{"self":[{"href":"https:\/\/www.hofmann-hidde.de\/index.php?rest_route=\/wp\/v2\/pages\/8","targetHints":{"allow":["GET"]}}],"collection":[{"href":"https:\/\/www.hofmann-hidde.de\/index.php?rest_route=\/wp\/v2\/pages"}],"about":[{"href":"https:\/\/www.hofmann-hidde.de\/index.php?rest_route=\/wp\/v2\/types\/page"}],"author":[{"embeddable":true,"href":"https:\/\/www.hofmann-hidde.de\/index.php?rest_route=\/wp\/v2\/users\/1"}],"replies":[{"embeddable":true,"href":"https:\/\/www.hofmann-hidde.de\/index.php?rest_route=%2Fwp%2Fv2%2Fcomments&post=8"}],"version-history":[{"count":3,"href":"https:\/\/www.hofmann-hidde.de\/index.php?rest_route=\/wp\/v2\/pages\/8\/revisions"}],"predecessor-version":[{"id":69,"href":"https:\/\/www.hofmann-hidde.de\/index.php?rest_route=\/wp\/v2\/pages\/8\/revisions\/69"}],"wp:attachment":[{"href":"https:\/\/www.hofmann-hidde.de\/index.php?rest_route=%2Fwp%2Fv2%2Fmedia&parent=8"}],"curies":[{"name":"wp","href":"https:\/\/api.w.org\/{rel}","templated":true}]}}