{"id":23,"date":"2026-04-19T11:06:01","date_gmt":"2026-04-19T09:06:01","guid":{"rendered":"https:\/\/new.hofmann-hidde.de\/?page_id=23"},"modified":"2026-04-20T14:52:24","modified_gmt":"2026-04-20T12:52:24","slug":"rokko-und-lenni","status":"publish","type":"page","link":"https:\/\/www.hofmann-hidde.de\/?page_id=23","title":{"rendered":"Rokko und Lenni"},"content":{"rendered":"\n<p>Die Geschichte von &#8218;Rokko und Lenni &#8211; Das Schiffswrack am Korallenriff&#8216; habe ich selbst illustriert und in meinem Hinterst\u00fcbchen habe ich noch ganz viele Ideen, welche Abenteuer Rokko und Lenni noch erleben k\u00f6nnen. Nur schreiben m\u00fcsste ich sie noch. ;-D<\/p>\n\n\n\n<p>Der erste Teil ist aber schon fertig und darum geht es:<\/p>\n\n\n\n<p><em>Krake Rokko und Delfin Lenni sind beste Freunde und sie erleben so manches Abenteuer zusammen. Als sie eines Tages am Korallenriff ein Schiffswack finden, wollen sie es sich nat\u00fcrlich ansehen. Vielleicht gibt es im Schiffswrack etwas Tolles zu entdecken. Aber vor allem wollen Rokko und Lenni das Schiffswrack wieder loswerden. Es geh\u00f6rt doch nicht auf den Meeresgrund! Doch wie soll das klappen? Oder bleibt es jetzt f\u00fcr immer im Korallenriff liegen? Rokko hat eine famose und gleichzeitig rettende Idee.<\/em><\/p>\n\n\n\n<div class=\"wp-block-columns is-layout-flex wp-container-core-columns-is-layout-28f84493 wp-block-columns-is-layout-flex\">\n<div class=\"wp-block-column is-layout-flow wp-block-column-is-layout-flow\">\n<figure class=\"wp-block-image size-large\"><img loading=\"lazy\" decoding=\"async\" width=\"998\" height=\"1024\" src=\"https:\/\/new.hofmann-hidde.de\/wp-content\/uploads\/2026\/04\/Front-998x1024.png\" alt=\"\" class=\"wp-image-74\" srcset=\"https:\/\/www.hofmann-hidde.de\/wp-content\/uploads\/2026\/04\/Front-998x1024.png 998w, https:\/\/www.hofmann-hidde.de\/wp-content\/uploads\/2026\/04\/Front-292x300.png 292w, https:\/\/www.hofmann-hidde.de\/wp-content\/uploads\/2026\/04\/Front-768x788.png 768w, https:\/\/www.hofmann-hidde.de\/wp-content\/uploads\/2026\/04\/Front-1498x1536.png 1498w, https:\/\/www.hofmann-hidde.de\/wp-content\/uploads\/2026\/04\/Front-1997x2048.png 1997w, https:\/\/www.hofmann-hidde.de\/wp-content\/uploads\/2026\/04\/Front-1024x1050.png 1024w\" sizes=\"auto, (max-width: 998px) 100vw, 998px\" \/><\/figure>\n<\/div>\n\n\n\n<div class=\"wp-block-column is-layout-flow wp-block-column-is-layout-flow\">\n<figure class=\"wp-block-image size-large\"><img loading=\"lazy\" decoding=\"async\" width=\"1000\" height=\"1024\" src=\"https:\/\/new.hofmann-hidde.de\/wp-content\/uploads\/2026\/04\/Back-1000x1024.png\" alt=\"\" class=\"wp-image-75\" srcset=\"https:\/\/www.hofmann-hidde.de\/wp-content\/uploads\/2026\/04\/Back-1000x1024.png 1000w, https:\/\/www.hofmann-hidde.de\/wp-content\/uploads\/2026\/04\/Back-293x300.png 293w, https:\/\/www.hofmann-hidde.de\/wp-content\/uploads\/2026\/04\/Back-768x787.png 768w, https:\/\/www.hofmann-hidde.de\/wp-content\/uploads\/2026\/04\/Back-1499x1536.png 1499w, https:\/\/www.hofmann-hidde.de\/wp-content\/uploads\/2026\/04\/Back-1999x2048.png 1999w, https:\/\/www.hofmann-hidde.de\/wp-content\/uploads\/2026\/04\/Back-1024x1049.png 1024w\" sizes=\"auto, (max-width: 1000px) 100vw, 1000px\" \/><\/figure>\n<\/div>\n<\/div>\n\n\n\n<p>Tats\u00e4chlich gibt es die Geschichte von Rokko und Lenni als Hard- und als Softcover und dazu ein Malbuch mit den Bildern aus dem Buch.<\/p>\n\n\n\n<div class=\"wp-block-columns is-layout-flex wp-container-core-columns-is-layout-28f84493 wp-block-columns-is-layout-flex\">\n<div class=\"wp-block-column is-layout-flow wp-block-column-is-layout-flow\">\n<figure class=\"wp-block-image size-large\"><img loading=\"lazy\" decoding=\"async\" width=\"994\" height=\"1024\" src=\"https:\/\/new.hofmann-hidde.de\/wp-content\/uploads\/2026\/04\/Cover_Front_Final-994x1024.png\" alt=\"\" class=\"wp-image-76\" srcset=\"https:\/\/www.hofmann-hidde.de\/wp-content\/uploads\/2026\/04\/Cover_Front_Final-994x1024.png 994w, https:\/\/www.hofmann-hidde.de\/wp-content\/uploads\/2026\/04\/Cover_Front_Final-291x300.png 291w, https:\/\/www.hofmann-hidde.de\/wp-content\/uploads\/2026\/04\/Cover_Front_Final-768x791.png 768w, https:\/\/www.hofmann-hidde.de\/wp-content\/uploads\/2026\/04\/Cover_Front_Final-1492x1536.png 1492w, https:\/\/www.hofmann-hidde.de\/wp-content\/uploads\/2026\/04\/Cover_Front_Final-1989x2048.png 1989w, https:\/\/www.hofmann-hidde.de\/wp-content\/uploads\/2026\/04\/Cover_Front_Final-1024x1054.png 1024w\" sizes=\"auto, (max-width: 994px) 100vw, 994px\" \/><\/figure>\n<\/div>\n\n\n\n<div class=\"wp-block-column is-layout-flow wp-block-column-is-layout-flow\">\n<figure class=\"wp-block-image size-large\"><img loading=\"lazy\" decoding=\"async\" width=\"978\" height=\"1024\" src=\"https:\/\/new.hofmann-hidde.de\/wp-content\/uploads\/2026\/04\/Cover_Back-978x1024.png\" alt=\"\" class=\"wp-image-77\" style=\"aspect-ratio:0.9550934733767669\" srcset=\"https:\/\/www.hofmann-hidde.de\/wp-content\/uploads\/2026\/04\/Cover_Back-978x1024.png 978w, https:\/\/www.hofmann-hidde.de\/wp-content\/uploads\/2026\/04\/Cover_Back-287x300.png 287w, https:\/\/www.hofmann-hidde.de\/wp-content\/uploads\/2026\/04\/Cover_Back-768x804.png 768w, https:\/\/www.hofmann-hidde.de\/wp-content\/uploads\/2026\/04\/Cover_Back-1467x1536.png 1467w, https:\/\/www.hofmann-hidde.de\/wp-content\/uploads\/2026\/04\/Cover_Back-1956x2048.png 1956w, https:\/\/www.hofmann-hidde.de\/wp-content\/uploads\/2026\/04\/Cover_Back-1024x1072.png 1024w\" sizes=\"auto, (max-width: 978px) 100vw, 978px\" \/><\/figure>\n<\/div>\n<\/div>\n","protected":false},"excerpt":{"rendered":"<p>Die Geschichte von &#8218;Rokko und Lenni &#8211; Das Schiffswrack am Korallenriff&#8216; habe ich selbst illustriert und in meinem Hinterst\u00fcbchen habe ich noch ganz viele Ideen, welche Abenteuer Rokko und Lenni noch erleben k\u00f6nnen. Nur schreiben m\u00fcsste ich sie noch. ;-D Der erste Teil ist aber schon fertig und darum geht es: Krake Rokko und Delfin [&hellip;]<\/p>\n","protected":false},"author":1,"featured_media":0,"parent":0,"menu_order":0,"comment_status":"closed","ping_status":"closed","template":"","meta":{"footnotes":""},"class_list":["post-23","page","type-page","status-publish","hentry"],"_links":{"self":[{"href":"https:\/\/www.hofmann-hidde.de\/index.php?rest_route=\/wp\/v2\/pages\/23","targetHints":{"allow":["GET"]}}],"collection":[{"href":"https:\/\/www.hofmann-hidde.de\/index.php?rest_route=\/wp\/v2\/pages"}],"about":[{"href":"https:\/\/www.hofmann-hidde.de\/index.php?rest_route=\/wp\/v2\/types\/page"}],"author":[{"embeddable":true,"href":"https:\/\/www.hofmann-hidde.de\/index.php?rest_route=\/wp\/v2\/users\/1"}],"replies":[{"embeddable":true,"href":"https:\/\/www.hofmann-hidde.de\/index.php?rest_route=%2Fwp%2Fv2%2Fcomments&post=23"}],"version-history":[{"count":3,"href":"https:\/\/www.hofmann-hidde.de\/index.php?rest_route=\/wp\/v2\/pages\/23\/revisions"}],"predecessor-version":[{"id":78,"href":"https:\/\/www.hofmann-hidde.de\/index.php?rest_route=\/wp\/v2\/pages\/23\/revisions\/78"}],"wp:attachment":[{"href":"https:\/\/www.hofmann-hidde.de\/index.php?rest_route=%2Fwp%2Fv2%2Fmedia&parent=23"}],"curies":[{"name":"wp","href":"https:\/\/api.w.org\/{rel}","templated":true}]}}